{"id":14,"date":"2019-09-23T10:12:01","date_gmt":"2019-09-23T10:12:01","guid":{"rendered":"http:\/\/renlundens.se\/?page_id=14"},"modified":"2019-09-23T10:12:01","modified_gmt":"2019-09-23T10:12:01","slug":"historik","status":"publish","type":"page","link":"https:\/\/renlundens.se\/?page_id=14","title":{"rendered":"Historik"},"content":{"rendered":"\n<p><strong>1995<\/strong><br>\u00c4ven i \u00e5r ett intensivt utst\u00e4llnings\u00e5r med resor land och rike runt. Vi k\u00f6pte \u00e4ven \u00e4nnu en tikvalp, Norrviddens Inki.<\/p>\n\n\n\n<p>Mor och jag tog Razza och Inki med oss och \u00e5kte de 80 milen till Leksand, d\u00e4r vi st\u00e4llde ut f\u00f6r Per-Erik Wallin, det blev BIS f\u00f6r Razza och BIS-valp f\u00f6r Inki i stor konkurrens, helt klart lyckad resa!<\/p>\n\n\n\n<p>Mot h\u00f6stkanten parade vi Razza med Raidis Arro och det blev de fyra i C-kullen, en av v\u00e5ra b\u00e4sta kullar. Kraftiga, mycket sn\u00e4lla och v\u00e4lg\u00e5ende hundar d\u00e4r Cesar, Chejja och Charlie blev champions. Chivas \u00e4r bara utst\u00e4lld en g\u00e5ng. \u00c4n (2006) lever alla utom Charlie som f\u00e5tt \u00e4ta specialkost livet igenom f\u00f6r att m\u00e5 bra, han hade n\u00e5gon typ av \u00e4mnesoms\u00e4ttningsfel.<\/p>\n\n\n\n<hr class=\"wp-block-separator\"\/>\n\n\n\n<p><strong>1994<\/strong><br>Ett intensivt och framg\u00e5ngsrikt utst\u00e4llnings\u00e5r med juniortiken Razza, vi \u00e5kte till G\u00e4llivare, Jokkmokk, Pite\u00e5 x 2, \u00d6stersund, Storlien (Norge), Mer\u00e5ker (Norge), Vaxholm, Skellefte\u00e5 och Stockholm, det blir ganska m\u00e5nga mil med tanke p\u00e5 var vi bor i landet :o)<\/p>\n\n\n\n<p>Birka fick sin tredje och sista kull B-kullen. Hon flyttade sedan till sv\u00e4rfar f\u00f6r att bli \u00e4lghund, vilket hon fixade med den \u00e4ran. V\u00e5ra f\u00f6r\u00e4ldrar och sv\u00e4rf\u00f6r\u00e4ldrar har st\u00e4llt upp s\u00e5 att vi kunnat ha 3-4 tikar eftersom de g\u00e4rna tagit hand om en var &#8211; \u00e4ven om de l\u00e4tt blivit sm\u00e5feta d\u00e4r s\u00e5 \u00e4r de b\u00e4st!<\/p>\n\n\n\n<hr class=\"wp-block-separator\"\/>\n\n\n\n<p><strong>1993<\/strong><br>\u00c5ret d\u00e5 norskan Razza kom till oss. Eller kom och kom&#8230; Efter en l\u00e5\u00e5\u00e5ng t\u00e5gresa med byte i \u00d6stersund kom jag \u00e4ntligen fram till Trondheim d\u00e4r jag 1991 spanat in en ursnygg tik som hette Aila och t\u00e4nkt &#8211; en s\u00e5n vill jag ocks\u00e5 ha!<\/p>\n\n\n\n<p>V\u00e4l hemma utvecklades Razza till en mycket l\u00e4cker tik som knep 7 cert som junior och unghund och sopade mattan med de flesta. Hon \u00e4r ocks\u00e5 mera showhund \u00e4n Birka och mjukare till s\u00e4ttet &#8211; p\u00e5 b\u00e5de gott och ont.<\/p>\n\n\n\n<p>Till och med Kajsa Holmqvist tyckte hon var s\u00e5 fin att hon erbj\u00f6d sig komma och hj\u00e4lpa mig tejpa \u00f6ronen p\u00e5 Razza n\u00e4r hon hade lite v\u00e4l mjuka \u00f6ron i valpklassen i \u00c5byn. &#8220;Du kan ju inte l\u00e5ta den tiken f\u00e5 h\u00e4ng\u00f6ron&#8221;, sa Kajsa och tejpade.<br>Det skulle hon f\u00f6rmodligen inte f\u00e5tt heller, men n\u00e5n vecka efter tejpningen stod \u00f6ronen :o) Tack Kajsa!<\/p>\n\n\n\n<hr class=\"wp-block-separator\"\/>\n\n\n\n<p><strong>1992<\/strong><br>\u00c4ntligen blev Birka champion! Som fem\u00e5ring blev hon \u00e4ntligen BIM och Such p\u00e5 \u00d6stras utst\u00e4llning i S\u00f6dert\u00e4lje, Norrviddens Kirak blev BIR om jag minns r\u00e4tt.<\/p>\n\n\n\n<p>Detta \u00e5r f\u00f6ddes v\u00e5r andra kull &#8211; R-kullen &#8211; som vi d\u00f6pte till R d\u00e4rf\u00f6r att vi ville ha namnet Rajmo, som v\u00e5r gamle hane, p\u00e5 den hanvalp vi sedan sparade. Rajmo Junior st\u00e4lldes bara ut en g\u00e5ng som unghund, han var en ganska stilig herre men kanske lite luftig. Han hann bli far till Sidmarkens f\u00f6rsta valpkull innan vi ins\u00e5g att det blev f\u00f6r mycket med hanhund och tik, jobb samt tv\u00e5 sm\u00e5barn.<\/p>\n\n\n\n<p>Vi hade inte tid att engagera oss s\u00e5 mycket i Rajmo Jr som han kr\u00e4vde, d\u00e4rf\u00f6r flyttade han till en familj i Arvidsjaur som s\u00e4llskapshund. Vi best\u00e4mde oss h\u00e4r f\u00f6r att inte blanda k\u00f6n p\u00e5 v\u00e5ra hundar, utan bara ha tikar.<\/p>\n\n\n\n<hr class=\"wp-block-separator\"\/>\n\n\n\n<p><strong>1991<\/strong><br>Min f\u00f6rsta lapphund k\u00f6pte jag 1984, han blev bara s\u00e4llskapshund och efter n\u00e5gra \u00e5r v\u00e4cktes ett intresse f\u00f6r att skaffa \u00e4nnu en hund. Det blev Raidis Birka som vi k\u00f6pte i juni 1987, ett val vi aldrig \u00e5ngrat.<\/p>\n\n\n\n<p>En stabil, sn\u00e4ll och ganska snygg tik. En eloge till Raidis Kurt och Birgit som egentligen var de som v\u00e4ckte intresset f\u00f6r &#8220;n\u00e5got mer&#8221; \u00e4n s\u00e4llskap. De engagerade sig verkligen i oss valpk\u00f6pare; inbj\u00f6d till tr\u00e4ffar, peppade att \u00e5ka p\u00e5 utst\u00e4llning och 1991 var detta intresse i full blom och det var ocks\u00e5 detta \u00e5r som min hittills st\u00f6rsta utst\u00e4llningsupplevelse \u00e4gde rum.<\/p>\n\n\n\n<p>Efter otaliga CK:n fick Birka sitt f\u00f6rsta cert, blev BIR, BIG och BIS-4 p\u00e5 S\u00f6dra Norrbottens internationella utst\u00e4llning i Gammelstad (Lule\u00e5). Ras- och gruppdomare var Anders Cederstr\u00f6m och BIS-domare var hmmmm&#8230; vad hette han nu den norske, smale mannen med tup\u00e9 som numera \u00e4r d\u00f6d? Det var inte illa f\u00f6r en nyb\u00f6rjare som jag ans\u00e5g att jag var d\u00e5, trots 3-4 \u00e5r i &#8220;utst\u00e4llningsbranschen&#8221;.<\/p>\n\n\n\n<p>K\u00f6pte \u00e4ven en finsk lapphund vid namn Assi fr\u00e5n Trelleborg. Vi d\u00f6pte snabbt om henne till Lassi, f\u00f6r vem vill ha en hund som \u00e4r d\u00f6pt efter ortens pappersmassafabrik? Lassi s\u00e5ldes s\u00e5 sm\u00e5ningom eftersom vi ville satsa helhj\u00e4rtat p\u00e5 en ras &#8211; svensk lapphund.<\/p>\n\n\n\n<hr class=\"wp-block-separator\"\/>\n\n\n\n<p><strong>1990<\/strong><br>V\u00e5rt kennelnamn Renlundens blev godk\u00e4nt och efter ett par \u00e5rs planerande blev v\u00e5r f\u00f6rsta valpkull till. Vi hade hand om Norrviddens Herke en period f\u00f6r att \u00e4garen skulle jobba s\u00f6derut, en stilig och trevlig hane. Som utbyte fick vi para med Herke. Oerfaren som jag var fick jag hj\u00e4lp med parningen av B\u00f6leknabbens Inger Berglundh (mamma till Linda-Mari som \u00e4ger Nimbus).<\/p>\n\n\n\n<p>Parningen \u00e4gde rum i garaget och ingen riktig h\u00e4ngning blev det, men v\u00e4l fyra valpar, Arja, Ayla, Adam och Adak. Arja hade vita framtassar &#8211; n\u00e5got som senare skulle visa sig bli r\u00e4tt vanligt i Renlundens linjer. Vid den h\u00e4r tiden hade jag hunnit vara redakt\u00f6r f\u00f6r tidningen Lapphunden i 2-3 \u00e5r, hade i och f\u00f6r sig bara en hund men \u00e4ven en tv\u00e5\u00e5rig m\u00e4nniskopojke :o) och en i magen.<\/p>\n\n\n\n<hr class=\"wp-block-separator\"\/>\n\n\n\n<p><strong>1987<\/strong><br>Ut\u00f6kas familjen med ytterligare en lapphund, Raidis Birka.<\/p>\n\n\n\n<hr class=\"wp-block-separator\"\/>\n\n\n\n<p><strong>1984<\/strong><br>V\u00e5r f\u00f6rsta lapphund, Rajmo flyttar hem till oss.<\/p>\n","protected":false},"excerpt":{"rendered":"<p>1995\u00c4ven i \u00e5r ett intensivt utst\u00e4llnings\u00e5r med resor land och rike runt. Vi k\u00f6pte \u00e4ven \u00e4nnu en tikvalp, Norrviddens Inki. Mor och jag tog&#8230;<\/p>\n","protected":false},"author":1,"featured_media":0,"parent":0,"menu_order":0,"comment_status":"closed","ping_status":"closed","template":"","meta":[],"_links":{"self":[{"href":"https:\/\/renlundens.se\/index.php?rest_route=\/wp\/v2\/pages\/14"}],"collection":[{"href":"https:\/\/renlundens.se\/index.php?rest_route=\/wp\/v2\/pages"}],"about":[{"href":"https:\/\/renlundens.se\/index.php?rest_route=\/wp\/v2\/types\/page"}],"author":[{"embeddable":true,"href":"https:\/\/renlundens.se\/index.php?rest_route=\/wp\/v2\/users\/1"}],"replies":[{"embeddable":true,"href":"https:\/\/renlundens.se\/index.php?rest_route=%2Fwp%2Fv2%2Fcomments&post=14"}],"version-history":[{"count":1,"href":"https:\/\/renlundens.se\/index.php?rest_route=\/wp\/v2\/pages\/14\/revisions"}],"predecessor-version":[{"id":15,"href":"https:\/\/renlundens.se\/index.php?rest_route=\/wp\/v2\/pages\/14\/revisions\/15"}],"wp:attachment":[{"href":"https:\/\/renlundens.se\/index.php?rest_route=%2Fwp%2Fv2%2Fmedia&parent=14"}],"curies":[{"name":"wp","href":"https:\/\/api.w.org\/{rel}","templated":true}]}}